-4*i + 63 + 73. Let g = i - 32. What is the greatest common divisor of 10 and g?
2
Suppose 12 = -3*t + 4*t. Suppose -2*h + x + 26 = 3*x, -4*h + 4*x + 28 = 0. Let u be 656/h - t/20. What is the highest common divisor of u and 26?
13
Let w be 329 - 77/(132/(-12)). Calculate the greatest common divisor of w and 140.
28
Let q be (-3)/(18/(-4))*3. Suppose -3*f = -q*f - 47. Suppose -f - 19 = -3*n. Calculate the highest common divisor of 11 and n.
11
Let h = 2114 + -314. Calculate the greatest common divisor of 30 and h.
30
Suppose 0 = 12*n - 20*n + 112. Let s(c) = 3*c**2 + 2. Let h be s(-2). What is the greatest common divisor of h and n?
14
Let y be 8/(-52) + 164340/130. Calculate the greatest common factor of 79 and y.
79
Let s be 1 + (-2)/(-4)*22. Suppose 14*w = 11*w + s. Calculate the greatest common divisor of 32 and w.
4
Suppose 2*k - 106 = -2*k - 2*a, 0 = -2*k + 3*a + 65. Suppose x - 84 = -2*n, -4*x = -x. Calculate the highest common factor of n and k.
14
Let g(n) = -2*n**3 + 58*n**2 + 8*n + 18. Let w be g(29). What is the greatest common factor of 30 and w?
10
Let u(q) = -q + 17. Let g be u(6). Let m = -9 + g. What is the highest common divisor of m and 14?
2
Suppose -4*o - 4*g = -48, -4*o - 3*g = -6*g - 55. Suppose 0 = -2*p - 0*p - 54. Let s = p + 92. Calculate the greatest common factor of s and o.
13
Let u = 180 - 92. Suppose -2*z - u = -4*s - 0*z, -5*z + 68 = 2*s. Calculate the greatest common factor of s and 6.
6
Let y be ((-342)/32)/((-33)/132)*8. Calculate the highest common factor of y and 2223.
171
Let m(c) = -5*c - 2. Let v be m(-6). Suppose -5*s + 4 = x - 6, 3 = -4*s - 3*x. Let w be (26/10 + s)*5. What is the greatest common factor of v and w?
28
Let c be (-7 - -3) + 2/(-2). Let q be 369/c*(-6 - -1). Let u = q + -264. Calculate the greatest common divisor of 15 and u.
15
Let a(i) = 5*i - 10. Let m be a(2). Suppose 49*j - 53*j + 540 = m. Calculate the highest common divisor of 15 and j.
15
Let y = -133 + 157. What is the greatest common factor of y and 6?
6
Suppose -30 = -4*v - 2. Let a(f) = f + 0*f - 1 + 6 + 4 + f**2. Let q be a(v). What is the highest common factor of 26 and q?
13
Let o(g) = 5*g - 1. Let r be (-28)/(-21)*(-6)/(-4). Let p be o(r). Let l(t) = t**3 - 9*t**2 + 4*t. Let w be l(p). What is the highest common divisor of w and 9?
9
Let b = -107 + 171. Calculate the greatest common factor of b and 48.
16
Suppose u - 161 = 19. Calculate the highest common factor of 80 and u.
20
Let r = 449 - 330. What is the highest common divisor of r and 7?
7
Suppose 0 = -4*d + 3*j + 252, -16*d + j - 136 = -18*d. Calculate the greatest common divisor of d and 99.
33
Let f = -133 + 161. Calculate the greatest common divisor of 7 and f.
7
Let i be (-4)/6 - (-406)/42. Suppose p - i = -2*p. Suppose -p*m + 115 = -215. Calculate the highest common factor of 10 and m.
10
Suppose 5*k - 55*o - 45 = -60*o, 54 = 5*k + 2*o. What is the greatest common factor of 564 and k?
12
Let o(s) = -s**3 + 15*s**2 + 16*s + 8. Let x be o(16). Suppose x*d = 32 + 32. What is the highest common factor of d and 8?
8
Let k = 35 + -18. Let w be (0 + 374)*(-9)/(-18). What is the highest common factor of k and w?
17
Let p(m) = -6*m - 22. Let z be p(-6). Let c = 14 - 10. Suppose d - 29 = -2*i, 0*d = -d - c*i + 37. What is the highest common factor of z and d?
7
Suppose -z + a = -3*a + 4, -a + 22 = 5*z. What is the greatest common factor of 332 and z?
4
Suppose -37*q - 5*q - 26 = -698. Let p(z) = 2*z + 2. Let o be p(3). What is the greatest common factor of q and o?
8
Let l = -4 + 22. Calculate the highest common factor of 114 and l.
6
Suppose 3*s + 2*b + 9 = 4*s, -s - 5*b = 12. Let f be 0 + (s - -1) + 3. Suppose -f*q + 3*q + 120 = 0. Calculate the greatest common divisor of q and 12.
6
Let b(k) = -2*k**3 - 32*k**2 - k + 8. Let h be b(-16). Suppose -2*a + 273 = -v - 251, -20 = -5*v. What is the highest common divisor of a and h?
24
Suppose 27*s - 18*s = 18. Suppose -2*b = -s*k - 2*k - 72, -3*b + k + 93 = 0. What is the highest common divisor of 40 and b?
10
Let l(x) = 60*x**2 - 4*x + 8. Let m be l(2). Suppose 67*p + m = 70*p. Calculate the highest common factor of 10 and p.
10
Let c = 96 + -85. What is the highest common factor of c and 605?
11
Let g = 48 - 43. Suppose 2*r + g = 7. Calculate the highest common divisor of 4 and r.
1
Let o be 0/((-2)/6*-3). Suppose 12 = 4*x - o. Suppose 3*g + 105 = x*i, -2*i = 4*g + g - 49. Calculate the greatest common factor of i and 8.
8
Let y = -627 - -640. What is the highest common divisor of 923 and y?
13
Let t(w) = 4*w**2 - 21*w - 51. Let q be t(-3). Calculate the highest common factor of q and 72.
24
Let p be 186*-3*2/(-12). Suppose 4*f - 12*o = -9*o - 3, 18 = f + 3*o. Calculate the highest common factor of f and p.
3
Let o be (-4689)/(-18) + (-15)/(-6) + -3. What is the highest common divisor of o and 40?
20
Let a be (69/(-9))/((-2)/(-6)). Let f = 33 + a. What is the highest common factor of f and 80?
10
Suppose 0*g = -2*g - 4*i + 66, 0 = g - 5*i - 12. Let q = g + -1. Calculate the greatest common factor of 39 and q.
13
Let o(s) = 2*s + 41. Let n be o(-25). Let y(f) = 2*f**2 + 17*f. Let r be y(n). What is the greatest common factor of 27 and r?
9
Let d = 267 - 253. What is the greatest common factor of 1750 and d?
14
Let q(k) = 128*k**2 - 12*k - 5. Let x be q(-1). What is the greatest common divisor of 36 and x?
9
Suppose 3*p = -6, p = 5*w + 6*p - 1950. Calculate the greatest common factor of 112 and w.
56
Suppose -5*w + 3 = -2*c, -48 = -4*c + 3*w - 19. Let t be (-138)/(-14) - c/(-77). What is the highest common divisor of t and 25?
5
Suppose -n - 3*n + 672 = 0. Suppose 4*j - 48 - 49 = -5*c, 3*c + 5*j = 66. Suppose c = 3*f - 46. What is the greatest common divisor of n and f?
21
Suppose -46 + 18 = -4*u. Suppose 8*s = u*s + 12. What is the highest common factor of s and 72?
12
Let a(f) = -3*f + 2. Let l be a(-6). Let j = 8691 + -8681. Calculate the highest common divisor of l and j.
10
Let d(k) = k**2 + 10*k - 4. Let p = -27 + 16. Let b be d(p). What is the highest common divisor of 35 and b?
7
Suppose -18*b = 35*b - 17649. Calculate the highest common divisor of b and 54.
9
Suppose -k - 10 = -3*k. Suppose -k*z - 1 = -6. Calculate the highest common factor of 1 and z.
1
Let g(z) = 26*z**3 - 4*z**2 + 3*z - 1. Let o be g(1). Calculate the highest common divisor of 6 and o.
6
Let f be (62 + -86)*1350/(-8). Calculate the highest common factor of f and 150.
150
Let u be 29/4 - (-1)/(-4). Suppose 13 - u = 2*i. Suppose 3*l = 2*o - 72, 4*l = 4*o + o - 173. What is the highest common factor of i and o?
3
Suppose 13 - 106 = 3*g. Let h = 37 + g. Calculate the greatest common divisor of 24 and h.
6
Suppose 2*g - 11 + 3 = 0. Suppose -k = g*k - 30. What is the highest common factor of k and 21?
3
Let a be (0 + 2)*(-15)/(-2). Let h be -2 + (-8)/(-1) - (-9 + 0). What is the highest common factor of h and a?
15
Let x be 2*(-28)/2*-1 + -4. What is the highest common divisor of x and 32?
8
Suppose 12*u - 12 = 0, 0*u + 26 = b - 2*u. Suppose -o + 4 = -8. Let k = 26 - o. Calculate the highest common factor of k and b.
14
Let f(r) = -10*r - 76. Let v be f(-8). Calculate the greatest common divisor of 11 and v.
1
Suppose 136 = -8*q + 10*q. Suppose -q - 16 = -4*y. Suppose 2*p + 754 = 4*j, -381 = j - 3*j - 3*p. Calculate the highest common factor of j and y.
21
Suppose 5778 = 7*w - 2944. What is the highest common factor of 14 and w?
14
Let u(c) = 1120*c**2 + 86*c + 86. Let o be u(-1). Calculate the highest common divisor of o and 7.
7
Suppose -4*o + 20 = 4*h, 5*h + 10 - 33 = -3*o. Suppose 15 = -h*f - 21. Let b be 33/9 + 6/f. Calculate the greatest common factor of b and 21.
3
Let f be ((-8)/6)/((-2)/36). Let m be ((-10)/6 - -1)/(56/(-420)). Suppose f = -m*p + 89. What is the highest common factor of p and 39?
13
Suppose 99*d - 72 = 93*d. Calculate the highest common factor of 354 and d.
6
Let v be -21*(1 - 0/1). Let d = v + 38. What is the greatest common divisor of d and 85?
17
Let c be (12/(-10))/(-7*(-33)/(-7700)). Let a = -1 - 16. Let i be 2/((-2)/1) - a. Calculate the highest common divisor of i and c.
8
Suppose -5*j + 39 = -36. Let l be 3*(0 - (-20)/(-6)). Let o = l + j. Calculate the greatest common factor of 15 and o.
5
Let h(a) = -36*a - 104. 